e
Is 17 a factor of 816?
True
Is 14 a factor of 1053?
False
Does 7 divide 119?
True
Is 6 a factor of 63816?
True
Is 244 a multiple of 5?
False
Is 25 a factor of 1419?
False
Does 69 divide 34569?
True
Is 2855 a multiple of 11?
False
Does 43 divide 2709?
True
Is 4342 a multiple of 26?
True
Does 57 divide 685?
False
Is 688 a multiple of 7?
False
Is 89 even?
False
Is 69 a factor of 3954?
False
Is 1378 a multiple of 17?
False
Does 13 divide 3146?
True
Is 14985 a multiple of 53?
False
Does 5 divide 1804?
False
Is 792 a multiple of 8?
True
Does 2 divide 1347?
False
Does 25 divide 6362?
False
Is 6811 a multiple of 140?
False
Does 3 divide 17252?
False
Does 5 divide 4820?
True
Is 19 a factor of 703?
True
Is 1003 a multiple of 13?
False
Is 7 a factor of 5869?
False
Is 16273 a multiple of 131?
False
Is 3844 a multiple of 30?
False
Is 11 a factor of 264?
True
Is 7 a factor of 8022?
True
Does 32 divide 530?
False
Does 9 divide 801?
True
Is 21 a factor of 388?
False
Is 17 a factor of 238?
True
Is 4 a factor of 1237?
False
Does 44 divide 82?
False
Is 6489 a multiple of 9?
True
Does 19 divide 19?
True
Does 6 divide 166?
False
Does 20 divide 7840?
True
Is 37696 a multiple of 38?
True
Is 2644 a multiple of 29?
False
Does 11 divide 891?
True
Is 7397 a multiple of 13?
True
Is 16106 a multiple of 125?
False
Does 6 divide 647?
False
Does 39 divide 11038?
False
Is 521 a multiple of 30?
False
Is 236 a factor of 43896?
True
Is 672 a multiple of 21?
True
Is 22 a factor of 396?
True
Does 10 divide 398?
False
Is 17 a factor of 11934?
True
Is 7 a factor of 84?
True
Is 1461 a multiple of 27?
False
Is 3024 a multiple of 17?
False
Is 31683 a multiple of 116?
False
Does 29 divide 1249?
False
Does 3 divide 395?
False
Is 14898 a multiple of 4?
False
Is 79 a factor of 1185?
True
Does 15 divide 232?
False
Does 32 divide 3398?
False
Is 59788 a multiple of 15?
False
Is 202 a multiple of 3?
False
Does 52 divide 676?
True
Does 7 divide 1180?
False
Is 5 a factor of 14031?
False
Is 6414 a multiple of 21?
False
Does 15 divide 22?
False
Is 1050 a multiple of 25?
True
Does 14 divide 112?
True
Does 19 divide 1543?
False
Does 211 divide 8808?
False
Does 77 divide 41503?
True
Is 65 a factor of 15720?
False
Does 24 divide 1395?
False
Is 188 a multiple of 19?
False
Is 52163 a multiple of 20?
False
Does 4 divide 28232?
True
Is 28 a factor of 969?
False
Is 3 a factor of 210?
True
Is 28 a factor of 1627?
False
Is 95 a factor of 16329?
False
Does 286 divide 58630?
True
Does 48 divide 1392?
True
Is 651 a multiple of 3?
True
Is 20 a factor of 864?
False
Does 18 divide 7688?
False
Is 7859 a multiple of 18?
False
Is 5 a factor of 170?
True
Does 138 divide 29808?
True
Does 216 divide 15182?
False
Is 8 a factor of 1182?
False
Is 7 a factor of 14518?
True
Is 400 a multiple of 4?
True
Does 3 divide 241?
False
Is 4482 a multiple of 5?
False
Is 6473 a multiple of 277?
False
Is 33709 a multiple of 13?
True
Is 275 a multiple of 5?
True
Is 112032 a multiple of 24?
True
Does 128 divide 70784?
True
Is 15 a factor of 300?
True
Is 1860 a multiple of 60?
True
Does 42 divide 366?
False
Does 6 divide 1020?
True
Is 414 a multiple of 29?
False
Is 46651 a multiple of 17?
False
Does 22 divide 7568?
True
Is 5 a factor of 325?
True
Is 23 a factor of 354?
False
Is 56 a factor of 935?
False
Does 30 divide 300?
True
Is 122 a factor of 3660?
True
Is 30 a factor of 4200?
True
Is 4 a multiple of 4?
True
Does 10 divide 368?
False
Does 10 divide 2380?
True
Is 4 a factor of 1084?
True
Is 1669 a multiple of 72?
False
Is 32702 a multiple of 74?
False
Does 186 divide 5514?
False
Does 109 divide 2507?
True
Is 29874 a multiple of 26?
True
Is 94 a factor of 9682?
True
Is 1342 a multiple of 10?
False
Is 10 a factor of 45710?
True
Is 5588 a multiple of 10?
False
Is 5129 a multiple of 275?
False
Does 29 divide 203?
True
Is 25956 a multiple of 7?
True
Is 21 a factor of 2057?
False
Does 3 divide 641?
False
Does 58 divide 3248?
True
Is 30 a factor of 120?
True
Does 178 divide 3664?
False
Does 90 divide 100085?
False
Is 2810 a multiple of 50?
False
Does 6 divide 1868?
False
Does 15 divide 30384?
False
Does 32 divide 1472?
True
Does 81 divide 36638?
False
Is 8252 a multiple of 45?
False
Is 22 a factor of 23792?
False
Is 281 a factor of 3858?
False
Does 32 divide 96?
True
Is 11 a factor of 401?
False
Is 6544 a multiple of 7?
False
Is 19357 a multiple of 66?
False
Does 8 divide 2152?
True
Is 1120 a multiple of 56?
True
Does 16 divide 2595?
False
Is 12315 a multiple of 89?
False
Is 17233 a multiple of 39?
False
Is 24228 a multiple of 148?
False
Does 15 divide 14407?
False
Is 45 a factor of 990?
True
Does 17 divide 2668?
False
Is 3 a factor of 41?
False
Is 608 a multiple of 229?
False
Is 23 a factor of 695?
False
Is 39 a factor of 459?
False
Does 24 divide 868?
False
Does 5 divide 627?
False
Is 24 a factor of 186?
False
Is 116 a factor of 7156?
False
Is 2150 a multiple of 43?
True
Does 48 divide 32928?
True
Is 15 a factor of 802?
False
Is 6520 a multiple of 163?
True
Is 33 a factor of 14068?
False
Is 27 a factor of 2619?
True
Does 57 divide 20661?
False
Does 17 divide 527?
True
Is 2432 a multiple of 32?
True
Is 34 a factor of 16932?
True
Does 31 divide 765?
False
Is 7 a factor of 563?
False
Is 4694 a multiple of 86?
False
Is 805 a multiple of 23?
True
Is 69100 a multiple of 75?
False
Is 7540 a multiple of 58?
True
Is 4975 a multiple of 30?
False
Does 52 divide 468?
True
Is 310 a multiple of 5?
True
Does 6 divide 10?
False
Is 18 a factor of 1060?
False
Does 6 divide 883?
False
Is 12 a factor of 216?
True
Is 5 a factor of 1610?
True
Does 2 divide 48?
True
Is 15890 a multiple of 7?
True
Is 31 a factor of 345?
False
Is 90 a factor of 900?
True
Is 17 a factor of 13956?
False
Is 13260 a multiple of 85?
True
Does 8 divide 4592?
True
Is 48 a factor of 37621?
False
Does 33 divide 1590?
False
Is 34 a factor of 9826?
True
Is 3865 a multiple of 173?
False
Is 445 a factor of 59621?
False
Does 20 divide 3400?
True
Is 17185 a multiple of 114?
False
Is 13490 a multiple of 71?
True
Is 594 a multiple of 3?
True
Does 8 divide 291?
False
Is 5078 a multiple of 6?
False
Does 3 divide 563?
False
Does 3 divide 592?
False
Is 3 a factor of 8637?
True
Does 12 divide 5818?
False
Does 31 divide 1365?
False
Is 120 a factor of 17880?
True
Is 179 a multiple of 7?
False
Does 122 divide 1872?
False
Is 29 a factor of 4785?
True
Is 1259 a multiple of 2?
False
Is 2838 a multiple of 11?
True
Is 43 a factor of 23865?
True
Is 261 a multiple of 9?
True
Is 68971 a multiple of 167?
True
Does 16 divide 102112?
True
Is 12 a factor of 1187?
False
Is 150 a multiple of 75?
True
Is 30742 a multiple of 38?
True
Is 30 a factor of 5786?
False
Is 170 a factor of 33963?
False
Does 33 divide 2908?
False
Is 1254 a multiple of 17?
False
Does 67 divide 6700?
True
Does 6 divide 11133?
False
Does 51 divide 1479?
True
Is 34 a factor of 2906?
False
Is 20 a factor of 300?
True
Does 2 divide 3014?
True
Is 23 a factor of 69?
True
Does 5 divide 2609?
False
Is 241 a multiple of 14?
False
Is 84062 a multiple of 22?
True
Is 34 a factor of 1156?
True
Is 3934 a multiple of 14?
True
Does 110 divide 990?
True
Does 6 divide 3528?
True
Is 3998 a multiple of 55?
False
Does 13 divide 34780?
False
Does 18 divide 111?
False
Is 18 a factor of 1774?
False
Does 54 divide 27613?
False
Is 16 a factor of 907?
False
Does 138 divide 9936?
True
Is 5 a factor of 1490?
True
Does 13 divide 6175?
True
Does 114 divide 996?
False
Is 105 a factor of 5355?
True
Is 13 a factor of 318?
False
Does 2 divide 7443?
False
Is 150 a multiple of 9?
False
Does 36 divide 792?
True
Is 1883 a multiple of 128?
False
Does 22 divide 159962?
True
Does 3 divide 2479?
False
Is 26 a factor of 382?
False
Does 20 divide 102623?
False
Is 2704 a multiple of 14?
False
Is 6307 a multiple of 119?
True
Does 24 divide 20520?
True
Does 10 divide 4320?
True
Is 13 a factor of 2863?
False
Is 12 a factor of 490?
False
Is 4 a factor of 52?
True
Is 7 a factor of 16541?
True
Is 615 a multiple of 39?
False
Does 10 divide 4440?
True
Is 8367 a multiple of 15?
False
Is 3188 a multiple of 13?
False
Is 300 a multiple of 60?
True
Does 19 divide 1805?
True
Is 598 a multiple of 46?
True
Does 13 divide 85?
False
Is 5122 a multiple of 11?
False
Is 14 a factor of 72142?
True
Is 2466 a mu